 the prime factors of 109268.
2, 59, 463
What are the prime factors of 15981?
3, 7, 761
What are the prime factors of 5118?
2, 3, 853
What are the prime factors of 2960?
2, 5, 37
What are the prime factors of 290?
2, 5, 29
List the prime factors of 14218.
2, 7109
What are the prime factors of 94743?
3, 11, 29
What are the prime factors of 328?
2, 41
List the prime factors of 693.
3, 7, 11
List the prime factors of 3302.
2, 13, 127
What are the prime factors of 68944?
2, 31, 139
What are the prime factors of 22486?
2, 11243
What are the prime factors of 70343?
7, 13, 773
What are the prime factors of 3574?
2, 1787
What are the prime factors of 572?
2, 11, 13
List the prime factors of 1858.
2, 929
What are the prime factors of 14627?
14627
What are the prime factors of 7965?
3, 5, 59
List the prime factors of 15013.
15013
List the prime factors of 118460.
2, 5, 5923
What are the prime factors of 11138?
2, 5569
List the prime factors of 6428.
2, 1607
List the prime factors of 1108.
2, 277
List the prime factors of 1349.
19, 71
List the prime factors of 6746.
2, 3373
What are the prime factors of 99995?
5, 7, 2857
What are the prime factors of 993?
3, 331
List the prime factors of 1489.
1489
List the prime factors of 13217.
13217
What are the prime factors of 1303?
1303
What are the prime factors of 5323?
5323
What are the prime factors of 3889?
3889
List the prime factors of 35217.
3, 7, 13, 43
List the prime factors of 833.
7, 17
List the prime factors of 34031.
34031
What are the prime factors of 12525?
3, 5, 167
What are the prime factors of 12173?
7, 37, 47
What are the prime factors of 2530?
2, 5, 11, 23
What are the prime factors of 52418?
2, 26209
List the prime factors of 16222.
2, 8111
List the prime factors of 35573.
35573
What are the prime factors of 75880?
2, 5, 7, 271
List the prime factors of 1263.
3, 421
What are the prime factors of 122?
2, 61
What are the prime factors of 8886?
2, 3, 1481
List the prime factors of 2876.
2, 719
List the prime factors of 300.
2, 3, 5
List the prime factors of 5903.
5903
What are the prime factors of 14020?
2, 5, 701
What are the prime factors of 34543?
34543
List the prime factors of 1248.
2, 3, 13
What are the prime factors of 1453?
1453
List the prime factors of 384.
2, 3
List the prime factors of 36298.
2, 18149
What are the prime factors of 9241?
9241
List the prime factors of 127937.
31, 4127
What are the prime factors of 33993?
3, 1259
List the prime factors of 507.
3, 13
List the prime factors of 33474.
2, 3, 7, 797
List the prime factors of 87559.
87559
What are the prime factors of 6540?
2, 3, 5, 109
List the prime factors of 121537.
13, 9349
List the prime factors of 26108.
2, 61, 107
List the prime factors of 11356.
2, 17, 167
List the prime factors of 7387.
83, 89
What are the prime factors of 1559?
1559
List the prime factors of 49274.
2, 71, 347
List the prime factors of 6024.
2, 3, 251
What are the prime factors of 18332?
2, 4583
What are the prime factors of 8192?
2
What are the prime factors of 26835?
3, 5, 1789
What are the prime factors of 1348?
2, 337
What are the prime factors of 1031?
1031
List the prime factors of 54431.
13, 53, 79
List the prime factors of 9645.
3, 5, 643
What are the prime factors of 694?
2, 347
What are the prime factors of 5027?
11, 457
List the prime factors of 697.
17, 41
What are the prime factors of 21041?
53, 397
What are the prime factors of 2085?
3, 5, 139
What are the prime factors of 9839?
9839
What are the prime factors of 5942?
2, 2971
List the prime factors of 14036.
2, 11, 29
List the prime factors of 6256.
2, 17, 23
List the prime factors of 791.
7, 113
What are the prime factors of 1279?
1279
List the prime factors of 1879.
1879
What are the prime factors of 6126?
2, 3, 1021
What are the prime factors of 5621?
7, 11, 73
List the prime factors of 46076.
2, 11519
List the prime factors of 9924.
2, 3, 827
What are the prime factors of 10585?
5, 29, 73
What are the prime factors of 3621?
3, 17, 71
What are the prime factors of 329?
7, 47
What are the prime factors of 1151?
1151
List the prime factors of 225.
3, 5
List the prime factors of 2385.
3, 5, 53
List the prime factors of 3386.
2, 1693
What are the prime factors of 1722?
2, 3, 7, 41
What are the prime factors of 1321?
1321
List the prime factors of 13685.
5, 7, 17, 23
List the prime factors of 5717.
5717
List the prime factors of 739.
739
List the prime factors of 165921.
3, 7, 7901
What are the prime factors of 10159?
10159
What are the prime factors of 12675?
3, 5, 13
What are the prime factors of 18805?
5, 3761
List the prime factors of 706.
2, 353
What are the prime factors of 124480?
2, 5, 389
List the prime factors of 10596.
2, 3, 883
What are the prime factors of 67075?
5, 2683
List the prime factors of 22314.
2, 3, 3719
What are the prime factors of 135181?
135181
List the prime factors of 13145.
5, 11, 239
List the prime factors of 35796.
2, 3, 19, 157
What are the prime factors of 1024?
2
What are the prime factors of 197633?
257, 769
What are the prime factors of 2375?
5, 19
What are the prime factors of 256?
2
List the prime factors of 41652.
2, 3, 13, 89
List the prime factors of 1730.
2, 5, 173
What are the prime factors of 175?
5, 7
List the prime factors of 77494.
2, 38747
What are the prime factors of 2419?
41, 59
What are the prime factors of 38227?
7, 43, 127
List the prime factors of 2705.
5, 541
List the prime factors of 1786.
2, 19, 47
List the prime factors of 1242.
2, 3, 23
List the prime factors of 1841.
7, 263
What are the prime factors of 1128?
2, 3, 47
What are the prime factors of 21098?
2, 7, 11, 137
What are the prime factors of 931?
7, 19
List the prime factors of 1053.
3, 13
What are the prime factors of 5488?
2, 7
List the prime factors of 508.
2, 127
What are the prime factors of 1470?
2, 3, 5, 7
List the prime factors of 47269.
47269
What are the prime factors of 16301?
16301
List the prime factors of 38193.
3, 29, 439
What are the prime factors of 53148?
2, 3, 43, 103
What are the prime factors of 1163?
1163
List the prime factors of 19229.
7, 41, 67
List the prime factors of 1326.
2, 3, 13, 17
List the prime factors of 245.
5, 7
What are the prime factors of 20604?
2, 3, 17, 101
List the prime factors of 695.
5, 139
List the prime factors of 12465.
3, 5, 277
List the prime factors of 32076.
2, 3, 11
List the prime factors of 768.
2, 3
List the prime factors of 10090.
2, 5, 1009
What are the prime factors of 11177?
11177
List the prime factors of 76534.
2, 17, 2251
List the prime factors of 614.
2, 307
What are the prime factors of 64553?
64553
List the prime factors of 518.
2, 7, 37
What are the prime factors of 7165?
5, 1433
List the prime factors of 128445.
3, 5, 8563
List the prime factors of 20326.
2, 10163
What are the prime factors of 29571?
3, 9857
List the prime factors of 851.
23, 37
List the prime factors of 147674.
2, 47, 1571
What are the prime factors of 3096?
2, 3, 43
List the prime factors of 23058.
2, 3, 7, 61
List the prime factors of 872.
2, 109
List the prime factors of 12373.
12373
List the prime factors of 745.
5, 149
What are the prime factors of 6829?
6829
List the prime factors of 942.
2, 3, 157
What are the prime factors of 78?
2, 3, 13
What are the prime factors of 101991?
3, 33997
List the prime factors of 3417.
3, 17, 67
What are the prime factors of 23703?
3, 7901
List the prime factors of 517.
11, 47
What are the prime factors of 5805?
3, 5, 43
What are the prime factors of 793?
13, 61
What are the prime factors of 3983?
7, 569
What are the prime factors of 21609?
3, 7
What are the prime factors of 106283?
23, 4621
List the prime factors of 5133.
3, 29, 59
List the prime factors of 12926.
2, 23, 281
What are the prime factors of 44228?
2, 11057
List the prime factors of 7356.
2, 3, 613
List the prime factors of 53508.
2, 3, 7, 13
What are the prime factors of 27934?
2, 13967
What are the prime factors of 397?
397
What are the prime factors of 75247?
47, 1601
List the prime factors of 1337.
7, 191
What are the prime factors of 72523?
11, 19, 347
List the prime factors of 2456.
2, 307
What are the prime factors of 10442?
2, 23, 227
List the prime factors of 12699.
3, 17, 83
List the prime factors of 260.
2, 5, 13
Wha